{"id":6906,"date":"2017-06-26T16:37:36","date_gmt":"2017-06-26T14:37:36","guid":{"rendered":"https:\/\/www.gestoriaportol.com\/asesoria\/"},"modified":"2024-07-30T14:09:02","modified_gmt":"2024-07-30T12:09:02","slug":"departaments","status":"publish","type":"page","link":"https:\/\/www.gestoriaportol.com\/ca\/departaments\/","title":{"rendered":"Departaments"},"content":{"rendered":"<section class=\"l-section wpb_row height_medium full_height valign_center\" id=\"features\"><div class=\"l-section-h i-cf\"><div class=\"g-cols vc_row via_flex valign_top type_default stacking_default\"><div class=\"vc_col-sm-12 wpb_column vc_column_container us_animate_afb\"><div class=\"vc_column-inner\"><div class=\"wpb_wrapper\"><div class=\"wpb_text_column\"><div class=\"wpb_wrapper\"><h2 style=\"text-align: center;\">Departaments<\/h2>\n<\/div><\/div><div class=\"w-separator size_large\"><\/div><div class=\"g-cols wpb_row via_flex valign_top type_default stacking_default\"><div class=\"vc_col-sm-6 wpb_column vc_column_container\"><div class=\"vc_column-inner\"><div class=\"wpb_wrapper\"><div class=\"w-iconbox iconpos_top style_default color_secondary align_center\"><a title=\"Departamento Jur\u00eddico\" href=\"https:\/\/www.gestoriaportol.com\/ca\/departament-juridic\/\" class=\"w-iconbox-link\" aria-label=\"Departament Jur\u00eddic\"><div class=\"w-iconbox-icon\" style=\"font-size:48px;\"><i class=\"fas fa-gavel\"><\/i><\/div><\/a><div class=\"w-iconbox-meta\"><h5 class=\"w-iconbox-title\"><a title=\"Departamento Jur\u00eddico\" href=\"https:\/\/www.gestoriaportol.com\/ca\/departament-juridic\/\" class=\"w-iconbox-link\" aria-label=\"Departament Jur\u00eddic\">Departament Jur\u00eddic<\/a><\/h5><div class=\"w-iconbox-text\"><p>A la Gestoria P\u00f2rtol disposem d&#8217;un equip jur\u00eddic format per professionals altament qualificats i amb una \u00e0mplia experi\u00e8ncia en el sector&#8230;<\/p>\n<\/div><\/div><\/div><\/div><\/div><\/div><div class=\"vc_col-sm-6 wpb_column vc_column_container\"><div class=\"vc_column-inner\"><div class=\"wpb_wrapper\"><div class=\"w-iconbox iconpos_top style_default color_secondary align_center\"><a title=\"Asesor\u00eda Fiscal\" href=\"https:\/\/www.gestoriaportol.com\/ca\/departament-fiscal\/\" class=\"w-iconbox-link\" aria-label=\"Departament Fiscal\"><div class=\"w-iconbox-icon\" style=\"font-size:48px;\"><i class=\"far fa-thumbs-up\"><\/i><\/div><\/a><div class=\"w-iconbox-meta\"><h5 class=\"w-iconbox-title\"><a title=\"Asesor\u00eda Fiscal\" href=\"https:\/\/www.gestoriaportol.com\/ca\/departament-fiscal\/\" class=\"w-iconbox-link\" aria-label=\"Departament Fiscal\">Departament Fiscal<\/a><\/h5><div class=\"w-iconbox-text\"><p>El Departament Fiscal de la Gestoria P\u00f2rtol presta el servei d&#8217;assessorament de tota la problem\u00e0tica fiscal&#8230;<\/p>\n<\/div><\/div><\/div><\/div><\/div><\/div><\/div><div class=\"w-separator size_large\"><\/div><div class=\"g-cols wpb_row via_flex valign_top type_default stacking_default\"><div class=\"vc_col-sm-6 wpb_column vc_column_container\"><div class=\"vc_column-inner\"><div class=\"wpb_wrapper\"><div class=\"w-iconbox iconpos_top style_default color_secondary align_center\"><a title=\"Asesor\u00eda Laboral\" href=\"https:\/\/www.gestoriaportol.com\/ca\/departament-laboral\/\" class=\"w-iconbox-link\" aria-label=\"Departament Laboral\"><div class=\"w-iconbox-icon\" style=\"font-size:48px;\"><i class=\"fas fa-users\"><\/i><\/div><\/a><div class=\"w-iconbox-meta\"><h5 class=\"w-iconbox-title\"><a title=\"Asesor\u00eda Laboral\" href=\"https:\/\/www.gestoriaportol.com\/ca\/departament-laboral\/\" class=\"w-iconbox-link\" aria-label=\"Departament Laboral\">Departament Laboral<\/a><\/h5><div class=\"w-iconbox-text\"><p>Des de la Gestoria P\u00f2rtol disposem de l&#8217;equip t\u00e8cnic i hum\u00e0 necessari per prestar un assessorament laboral r\u00e0pid i efica\u00e7&#8230;.<\/p>\n<\/div><\/div><\/div><\/div><\/div><\/div><div class=\"vc_col-sm-6 wpb_column vc_column_container\"><div class=\"vc_column-inner\"><div class=\"wpb_wrapper\"><div class=\"w-iconbox iconpos_top style_default color_secondary align_center\"><a title=\"Asesor\u00eda Contable\" href=\"https:\/\/www.gestoriaportol.com\/ca\/departament-comptable\/\" class=\"w-iconbox-link\" aria-label=\"Departament Comptable\"><div class=\"w-iconbox-icon\" style=\"font-size:48px;\"><i class=\"fas fa-euro-sign\"><\/i><\/div><\/a><div class=\"w-iconbox-meta\"><h5 class=\"w-iconbox-title\"><a title=\"Asesor\u00eda Contable\" href=\"https:\/\/www.gestoriaportol.com\/ca\/departament-comptable\/\" class=\"w-iconbox-link\" aria-label=\"Departament Comptable\">Departament Comptable<\/a><\/h5><div class=\"w-iconbox-text\"><p>Des del Departament de Comptabilitat de la Gestoria P\u00f2rtol gestionem tot tipus de serveis comptables&#8230;<\/p>\n<\/div><\/div><\/div><\/div><\/div><\/div><\/div><\/div><\/div><\/div><\/div><\/div><\/section>\n","protected":false},"excerpt":{"rendered":"Departaments Departament Jur\u00eddicA la Gestoria P\u00f2rtol disposem d'un equip jur\u00eddic format per professionals altament qualificats i amb una \u00e0mplia experi\u00e8ncia en el sector... Departament FiscalEl Departament Fiscal de la Gestoria P\u00f2rtol presta el servei d'assessorament de tota la problem\u00e0tica fiscal... Departament LaboralDes de la Gestoria P\u00f2rtol disposem de l'equip t\u00e8cnic i hum\u00e0 necessari per prestar...","protected":false},"author":2,"featured_media":0,"parent":0,"menu_order":0,"comment_status":"closed","ping_status":"closed","template":"","meta":{"footnotes":""},"class_list":["post-6906","page","type-page","status-publish","hentry"],"_links":{"self":[{"href":"https:\/\/www.gestoriaportol.com\/ca\/wp-json\/wp\/v2\/pages\/6906","targetHints":{"allow":["GET"]}}],"collection":[{"href":"https:\/\/www.gestoriaportol.com\/ca\/wp-json\/wp\/v2\/pages"}],"about":[{"href":"https:\/\/www.gestoriaportol.com\/ca\/wp-json\/wp\/v2\/types\/page"}],"author":[{"embeddable":true,"href":"https:\/\/www.gestoriaportol.com\/ca\/wp-json\/wp\/v2\/users\/2"}],"replies":[{"embeddable":true,"href":"https:\/\/www.gestoriaportol.com\/ca\/wp-json\/wp\/v2\/comments?post=6906"}],"version-history":[{"count":5,"href":"https:\/\/www.gestoriaportol.com\/ca\/wp-json\/wp\/v2\/pages\/6906\/revisions"}],"predecessor-version":[{"id":7262,"href":"https:\/\/www.gestoriaportol.com\/ca\/wp-json\/wp\/v2\/pages\/6906\/revisions\/7262"}],"wp:attachment":[{"href":"https:\/\/www.gestoriaportol.com\/ca\/wp-json\/wp\/v2\/media?parent=6906"}],"curies":[{"name":"wp","href":"https:\/\/api.w.org\/{rel}","templated":true}]}}

<section class="l-section wpb_row height_medium full_height valign_center" id="features"><div class="l-section-h i-cf"><div class="g-cols vc_row via_flex valign_top type_default stacking_default"><div class="vc_col-sm-12 wpb_column vc_column_container us_animate_afb"><div class="vc_column-inner"><div class="wpb_wrapper"><div class="wpb_text_column"><div class="wpb_wrapper"><h2 style="text-align: center;">Departaments</h2>
</div></div><div class="w-separator size_large"></div><div class="g-cols wpb_row via_flex valign_top type_default stacking_default"><div class="vc_col-sm-6 wpb_column vc_column_container"><div class="vc_column-inner"><div class="wpb_wrapper"><div class="w-iconbox iconpos_top style_default color_secondary align_center"><a title="Departamento Jurídico" href="https://www.gestoriaportol.com/ca/departament-juridic/" class="w-iconbox-link" aria-label="Departament Jurídic"><div class="w-iconbox-icon" style="font-size:48px;"><i class="fas fa-gavel"></i></div></a><div class="w-iconbox-meta"><h5 class="w-iconbox-title"><a title="Departamento Jurídico" href="https://www.gestoriaportol.com/ca/departament-juridic/" class="w-iconbox-link" aria-label="Departament Jurídic">Departament Jurídic</a></h5><div class="w-iconbox-text"><p>A la Gestoria Pòrtol disposem d&#8217;un equip jurídic format per professionals altament qualificats i amb una àmplia experiència en el sector&#8230;</p>
</div></div></div></div></div></div><div class="vc_col-sm-6 wpb_column vc_column_container"><div class="vc_column-inner"><div class="wpb_wrapper"><div class="w-iconbox iconpos_top style_default color_secondary align_center"><a title="Asesoría Fiscal" href="https://www.gestoriaportol.com/ca/departament-fiscal/" class="w-iconbox-link" aria-label="Departament Fiscal"><div class="w-iconbox-icon" style="font-size:48px;"><i class="far fa-thumbs-up"></i></div></a><div class="w-iconbox-meta"><h5 class="w-iconbox-title"><a title="Asesoría Fiscal" href="https://www.gestoriaportol.com/ca/departament-fiscal/" class="w-iconbox-link" aria-label="Departament Fiscal">Departament Fiscal</a></h5><div class="w-iconbox-text"><p>El Departament Fiscal de la Gestoria Pòrtol presta el servei d&#8217;assessorament de tota la problemàtica fiscal&#8230;</p>
</div></div></div></div></div></div></div><div class="w-separator size_large"></div><div class="g-cols wpb_row via_flex valign_top type_default stacking_default"><div class="vc_col-sm-6 wpb_column vc_column_container"><div class="vc_column-inner"><div class="wpb_wrapper"><div class="w-iconbox iconpos_top style_default color_secondary align_center"><a title="Asesoría Laboral" href="https://www.gestoriaportol.com/ca/departament-laboral/" class="w-iconbox-link" aria-label="Departament Laboral"><div class="w-iconbox-icon" style="font-size:48px;"><i class="fas fa-users"></i></div></a><div class="w-iconbox-meta"><h5 class="w-iconbox-title"><a title="Asesoría Laboral" href="https://www.gestoriaportol.com/ca/departament-laboral/" class="w-iconbox-link" aria-label="Departament Laboral">Departament Laboral</a></h5><div class="w-iconbox-text"><p>Des de la Gestoria Pòrtol disposem de l&#8217;equip tècnic i humà necessari per prestar un assessorament laboral ràpid i eficaç&#8230;.</p>
</div></div></div></div></div></div><div class="vc_col-sm-6 wpb_column vc_column_container"><div class="vc_column-inner"><div class="wpb_wrapper"><div class="w-iconbox iconpos_top style_default color_secondary align_center"><a title="Asesoría Contable" href="https://www.gestoriaportol.com/ca/departament-comptable/" class="w-iconbox-link" aria-label="Departament Comptable"><div class="w-iconbox-icon" style="font-size:48px;"><i class="fas fa-euro-sign"></i></div></a><div class="w-iconbox-meta"><h5 class="w-iconbox-title"><a title="Asesoría Contable" href="https://www.gestoriaportol.com/ca/departament-comptable/" class="w-iconbox-link" aria-label="Departament Comptable">Departament Comptable</a></h5><div class="w-iconbox-text"><p>Des del Departament de Comptabilitat de la Gestoria Pòrtol gestionem tot tipus de serveis comptables&#8230;</p>
</div></div></div></div></div></div></div></div></div></div></div></div></section>

Departaments Departament JurídicA la Gestoria Pòrtol disposem d'un equip jurídic format per professionals altament qualificats i amb una àmplia experiència en el sector... Departament FiscalEl Departament Fiscal de la Gestoria Pòrtol presta el servei d'assessorament de tota la problemàtica fiscal... Departament LaboralDes de la Gestoria Pòrtol disposem de l'equip tècnic i humà necessari per prestar...
