{"id":6905,"date":"2017-06-26T16:35:11","date_gmt":"2017-06-26T16:35:11","guid":{"rendered":"https:\/\/www.gestoriaportol.com\/asesoria-laboral\/"},"modified":"2019-04-19T20:25:09","modified_gmt":"2019-04-19T18:25:09","slug":"departament-laboral","status":"publish","type":"page","link":"https:\/\/www.gestoriaportol.com\/ca\/departament-laboral\/","title":{"rendered":"Departament Laboral"},"content":{"rendered":"<h2>Departament Laboral<\/h2>\n<p>Des de la Gestoria P\u00f2rtol disposem de l&#8217;equip t\u00e8cnic i hum\u00e0 necessari per prestar un assessorament laboral r\u00e0pid i efica\u00e7, amb l&#8217;objectiu de resoldre de la manera m\u00e9s pr\u00e0ctica i beneficiosa tots els problemes dels nostres clients en aquest camp.<\/p>\n<p>Comptem amb un equip de professionals amb una \u00e0mplia formaci\u00f3 i experi\u00e8ncia en assessorament laboral, que atendran totes les seves consultes i l&#8217;assessoraran de manera personalitzada sobre qualsevol aspecte en aquesta mat\u00e8ria.<\/p>\n<h3>Serveis disponibles (entre d&#8217;altres):<\/h3>\n<ul>\n<li>Altes davant la Seguretat Social. Confecci\u00f3 i presentaci\u00f3 a trav\u00e9s del Sistema RED de les altes, variacions i baixes dels treballadors.<\/li>\n<li>Assessorament i confecci\u00f3 de contractes de treball juntament amb la pr\u00f2rroga i la seva posterior presentaci\u00f3 a trav\u00e9s del Sistema Contracta a trav\u00e9s d&#8217;Internet.<\/li>\n<li>Assessoria i Confecci\u00f3 de n\u00f2mines i assegurances socials segons l&#8217;Estatut dels treballadors i convenis col\u00b7lectius vigents.<\/li>\n<li>Certificats d&#8217;estar al corrent del pagament ON-LINE de la Seguretat Social a trav\u00e9s del Sistema RED.<\/li>\n<li>Llistat de costos mensuals dels treballadors en Alta.<\/li>\n<li>Desglossament del cost per treballador i total d&#8217;empresa mensual i anual.<\/li>\n<li>Seguiment dels venciments dels contractes de treball.<\/li>\n<li>Assessorament laboral, c\u00e0lcul i tramitaci\u00f3 de pensions de la Seguretat Social.<\/li>\n<li>Assessoria Laboral i informaci\u00f3 permanent sobre canvis de normativa.<\/li>\n<li>Recursos davant organismes oficials.<\/li>\n<li>Tramitaci\u00f3 d&#8217;expedients d&#8217;ajornaments de deutes de quotes a la Seguretat Social.<\/li>\n<li>Assessoria Laboral i representaci\u00f3 en conciliacions.<\/li>\n<li>Assessoria Laboral Jur\u00eddica. Comptem en tot moment amb especialistes en mat\u00e8ria Jur\u00eddica que podran resoldre-li qualsevol dubte i assessorar-lo en qualsevol aspecte per buscar la millor soluci\u00f3 al conflicte.<\/li>\n<li>Presentaci\u00f3 dels informes d&#8217;accidents de treball a trav\u00e9s del sistema DELTA.<\/li>\n<li>Presentaci\u00f3 del model 111 de l&#8217;IRPF i el resum anual o model 190.<\/li>\n<li>Tramitaci\u00f3n de expedientes de aplazamientos de deudas de cuotas a la Seguridad Social.<\/li>\n<li>Emissi\u00f3 de Certificats d&#8217;Empresa per a la seva presentaci\u00f3 a l&#8217;INEM a trav\u00e9s del Sistema Certifica2 a trav\u00e9s d&#8217;Internet.<\/li>\n<li>Assessoria per a la confecci\u00f3 de Calendaris Laborals.<\/li>\n<\/ul>\n","protected":false},"excerpt":{"rendered":"<p>Departament Laboral Des de la Gestoria P\u00f2rtol disposem de l&#8217;equip t\u00e8cnic i hum\u00e0 necessari per prestar un assessorament laboral r\u00e0pid i efica\u00e7, amb l&#8217;objectiu de resoldre de la manera m\u00e9s pr\u00e0ctica i beneficiosa tots els problemes dels nostres clients en aquest camp. Comptem amb un equip de professionals amb una \u00e0mplia formaci\u00f3 i experi\u00e8ncia en&#8230;<\/p>\n","protected":false},"author":2,"featured_media":0,"parent":0,"menu_order":0,"comment_status":"closed","ping_status":"closed","template":"","meta":{"footnotes":""},"class_list":["post-6905","page","type-page","status-publish","hentry"],"_links":{"self":[{"href":"https:\/\/www.gestoriaportol.com\/ca\/wp-json\/wp\/v2\/pages\/6905","targetHints":{"allow":["GET"]}}],"collection":[{"href":"https:\/\/www.gestoriaportol.com\/ca\/wp-json\/wp\/v2\/pages"}],"about":[{"href":"https:\/\/www.gestoriaportol.com\/ca\/wp-json\/wp\/v2\/types\/page"}],"author":[{"embeddable":true,"href":"https:\/\/www.gestoriaportol.com\/ca\/wp-json\/wp\/v2\/users\/2"}],"replies":[{"embeddable":true,"href":"https:\/\/www.gestoriaportol.com\/ca\/wp-json\/wp\/v2\/comments?post=6905"}],"version-history":[{"count":2,"href":"https:\/\/www.gestoriaportol.com\/ca\/wp-json\/wp\/v2\/pages\/6905\/revisions"}],"predecessor-version":[{"id":7032,"href":"https:\/\/www.gestoriaportol.com\/ca\/wp-json\/wp\/v2\/pages\/6905\/revisions\/7032"}],"wp:attachment":[{"href":"https:\/\/www.gestoriaportol.com\/ca\/wp-json\/wp\/v2\/media?parent=6905"}],"curies":[{"name":"wp","href":"https:\/\/api.w.org\/{rel}","templated":true}]}}

<h2>Departament Laboral</h2>
<p>Des de la Gestoria Pòrtol disposem de l&#8217;equip tècnic i humà necessari per prestar un assessorament laboral ràpid i eficaç, amb l&#8217;objectiu de resoldre de la manera més pràctica i beneficiosa tots els problemes dels nostres clients en aquest camp.</p>
<p>Comptem amb un equip de professionals amb una àmplia formació i experiència en assessorament laboral, que atendran totes les seves consultes i l&#8217;assessoraran de manera personalitzada sobre qualsevol aspecte en aquesta matèria.</p>
<h3>Serveis disponibles (entre d&#8217;altres):</h3>
<ul>
<li>Altes davant la Seguretat Social. Confecció i presentació a través del Sistema RED de les altes, variacions i baixes dels treballadors.</li>
<li>Assessorament i confecció de contractes de treball juntament amb la pròrroga i la seva posterior presentació a través del Sistema Contracta a través d&#8217;Internet.</li>
<li>Assessoria i Confecció de nòmines i assegurances socials segons l&#8217;Estatut dels treballadors i convenis col·lectius vigents.</li>
<li>Certificats d&#8217;estar al corrent del pagament ON-LINE de la Seguretat Social a través del Sistema RED.</li>
<li>Llistat de costos mensuals dels treballadors en Alta.</li>
<li>Desglossament del cost per treballador i total d&#8217;empresa mensual i anual.</li>
<li>Seguiment dels venciments dels contractes de treball.</li>
<li>Assessorament laboral, càlcul i tramitació de pensions de la Seguretat Social.</li>
<li>Assessoria Laboral i informació permanent sobre canvis de normativa.</li>
<li>Recursos davant organismes oficials.</li>
<li>Tramitació d&#8217;expedients d&#8217;ajornaments de deutes de quotes a la Seguretat Social.</li>
<li>Assessoria Laboral i representació en conciliacions.</li>
<li>Assessoria Laboral Jurídica. Comptem en tot moment amb especialistes en matèria Jurídica que podran resoldre-li qualsevol dubte i assessorar-lo en qualsevol aspecte per buscar la millor solució al conflicte.</li>
<li>Presentació dels informes d&#8217;accidents de treball a través del sistema DELTA.</li>
<li>Presentació del model 111 de l&#8217;IRPF i el resum anual o model 190.</li>
<li>Tramitación de expedientes de aplazamientos de deudas de cuotas a la Seguridad Social.</li>
<li>Emissió de Certificats d&#8217;Empresa per a la seva presentació a l&#8217;INEM a través del Sistema Certifica2 a través d&#8217;Internet.</li>
<li>Assessoria per a la confecció de Calendaris Laborals.</li>
</ul>

<p>Departament Laboral Des de la Gestoria Pòrtol disposem de l&#8217;equip tècnic i humà necessari per prestar un assessorament laboral ràpid i eficaç, amb l&#8217;objectiu de resoldre de la manera més pràctica i beneficiosa tots els problemes dels nostres clients en aquest camp. Comptem amb un equip de professionals amb una àmplia formació i experiència en&#8230;</p>
